-4*b - 3*m + 0 + 15 = 0. Does 3 divide b?
True
Let b(s) = -11*s**3 - 44*s**2 - 8*s + 25. Let l(w) = -7*w**3 - 29*w**2 - 5*w + 17. Let f(z) = -5*b(z) + 8*l(z). Does 5 divide f(-12)?
False
Suppose -5*c + 4 = -o, -4*c + 5 = -o + 1. Let y(a) = -a**3 - a**2 + 64. Let i be y(c). Suppose 3*u - i = -u. Is 15 a factor of u?
False
Let l = 42 - 28. Let n = -2 - -2. Suppose -5*p = -n*w - 4*w + l, 5*w = 2*p + 26. Does 3 divide w?
True
Does 16 divide 292/6 + 26/(-39)?
True
Let a(c) = c**2 - c + 3. Let u be a(-4). Suppose 5*r - y - 27 = 70, r + y = u. Suppose r = v + 4*v. Does 3 divide v?
False
Suppose 0 = z + 4 + 2. Is 21 a factor of 187/9 + z/(-27)?
True
Let g(m) = -2*m - 6. Let a be g(-4). Suppose -6*t = -a*t - 76. Is t a multiple of 10?
False
Let t(y) be the first derivative of y**4/4 + y**3/3 + y**2 - y + 1. Let j(i) be the first derivative of t(i). Is j(-3) a multiple of 8?
False
Let v(t) = -1 + 6*t**2 + 2 - 7*t**2 + 11*t**3. Let g = 2 + -1. Does 8 divide v(g)?
False
Let f(n) = -20*n**3 + n**2. Let r(x) = -x - 10. Let o be r(-9). Does 5 divide f(o)?
False
Let k(h) = -3*h**3 + 2*h**2 + 4*h + 2. Let c(u) = -10*u**3 + 5*u**2 + 13*u + 5. Let w(j) = -2*c(j) + 7*k(j). Suppose -12 = 2*t - 5*t. Is w(t) a multiple of 6?
True
Suppose -74 = -3*n + 292. Is 10 a factor of n?
False
Suppose 0 = 4*y - 4*i + 12, -6 = y + y + 3*i. Let o(u) = -25*u + 9. Let a(b) = -13*b + 4. Let v(f) = y*o(f) + 7*a(f). Does 5 divide v(-1)?
False
Let c(k) = k + 7. Let r be c(0). Suppose 18 = 8*o - r*o. Is 18 a factor of o?
True
Suppose -5*f = -1 + 11, 14 = -3*h + 2*f. Is 1/2 + (-87)/h a multiple of 12?
False
Let z(h) = 4 + 4*h - 2 - 1 + 1. Is z(7) a multiple of 21?
False
Let i(r) = 42*r**3 - r**2 - r. Let c be i(-1). Let t = 58 + -83. Let v = t - c. Is v a multiple of 8?
False
Let v(s) = -5*s - 24. Does 6 divide v(-13)?
False
Let r = -11 - -26. Does 15 divide r?
True
Suppose 2*a = -2*y + 248, -4*a + 2*y = 3*y - 502. Is a a multiple of 42?
True
Suppose 0 = 5*q - 3*t - 1, 0*q = 2*q - 4*t + 8. Let h be (2 - 0/1)/q. Is 3 a factor of h/(2/2) - -2?
True
Suppose 5*f + 25 = 5*p, p = -2*f + f + 5. Let x(g) = -g + 21. Is 15 a factor of x(f)?
False
Suppose -9 = -l + 12. Is 3 a factor of l?
True
Let q(m) = m**3 + 21*m**2 + 10*m + 26. Is 19 a factor of q(-20)?
False
Let n = 4 - 2. Suppose 5*z = x - 2, -x = n*x + 5*z - 46. Is 17 a factor of 1/(-4) + 591/x?
False
Let m be 4/14 + (-46)/14. Suppose 0 = -3*r - 0*r + 9. Is m/r*2 + 6 a multiple of 4?
True
Suppose -130 - 66 = -4*w. Is w a multiple of 11?
False
Let r = 3 + -3. Suppose 4*i - 3 - 5 = r. Is 2 a factor of i?
True
Does 3 divide (-31)/(-3) - (-16)/24?
False
Suppose -n + 18 + 22 = 0. Does 10 divide n?
True
Let z(a) = a**3 + 4*a**2 + 3. Let k be z(-4). Suppose k*o - 18 = 3*b, -o = -4*b - 5 + 14. Is o a multiple of 11?
True
Let d(m) be the third derivative of -m**4/12 - 7*m**3/6 + m**2. Let o be d(-6). Suppose 4*g = k - 2*k + 84, -5*k = -o*g + 130. Is g a multiple of 11?
True
Let j(p) be the first derivative of p**4/4 - 3*p**3 - 4*p**2 - 4*p + 7. Does 7 divide j(10)?
False
Suppose -48 - 6 = -p. Is 8 a factor of p?
False
Let f(p) = -p**2 + 16*p - 16. Does 8 divide f(8)?
True
Let t(z) = 2*z**2 - z - 1. Let g be t(-1). Suppose -g*k + 4 = -k. Suppose -4*v = 0, 5*v - k = -3*i + 8. Is i a multiple of 2?
True
Suppose 0 = -a + 84 + 24. Let f be 12/3 - 2 - 2. Suppose 4*p + f*p = a. Does 15 divide p?
False
Suppose 1 + 1 = -2*m - 2*y, 3*m + 19 = 5*y. Is (-5 - m)*10/(-2) a multiple of 10?
True
Let i = 214 + -148. Does 27 divide i?
False
Let z(k) = 119*k - 12. Does 36 divide z(3)?
False
Let i be 3*3/18*0. Does 13 divide 2 - (i/2 - 24)?
True
Suppose 2*k + 2*d + 8 = 0, 0 = -2*k + 5*d + 5 + 15. Suppose 0 = -k*a + 2*a - 68. Suppose 3*b - a = -1. Is b a multiple of 11?
True
Let x(y) = 6*y**2 - y. Let u be x(1). Let m be -1 + 15 + (-2 - -2). Suppose 4*k - 36 = -2*i + m, -k = u*i + 1. Is k a multiple of 9?
False
Let h(y) = y**3 + 3*y**2 + 2*y + 3. Let r be h(-2). Suppose -3*l - r = -33. Does 5 divide l?
True
Let d(a) = a + 17. Let l be d(-12). Let q(g) = g + 19. Let s be q(0). Suppose 0*b - b - 2*n = -s, 3*b + l*n - 56 = 0. Is 17 a factor of b?
True
Let w(t) = -t**2 - 8*t + 6. Let i = -1 - 7. Is w(i) a multiple of 3?
True
Suppose 0 = 2*h - 0*h - 20. Is h a multiple of 3?
False
Let n(k) = -k**3 - 18*k**2 + 19*k + 15. Is n(-19) even?
False
Suppose 4*h - 2*v - 116 = 0, -4*v + 2 = -14. Suppose -3*w = -4*w + h. Is w a multiple of 11?
False
Let y = -6 - -31. Let w = y - 14. Does 11 divide w?
True
Let y(i) = -8*i**3 - i**2 - 2*i - 1. Let w be y(-1). Let g = w - 4. Suppose 4*l - 3*l = -g, -l = 3*t - 146. Is 17 a factor of t?
False
Let b(i) = -4*i - 8. Let q be b(-3). Is 6 a factor of (-207)/(-7) - q/7?
False
Let q = -7 - -10. Suppose q*f = -5*h - 49, 5*f + 3 + 22 = 3*h. Let b = f - -35. Does 11 divide b?
False
Suppose 0*v = v + 24. Let g = -19 - v. Does 2 divide g?
False
Let o(w) = -w**3 + 5*w**2 - w + 5. Let g be o(4). Let t = g - 12. Let b(m) = m**3 - 5*m**2 + 3*m + 3. Does 18 divide b(t)?
True
Let l(b) = -b**3 + 5*b**2 - b - 4. Let z be l(3). Let r = z - -6. Is r a multiple of 17?
True
Let i = -169 + 264. Suppose -2*f = 3*f - i. Is f a multiple of 5?
False
Suppose 12 = -10*o + 12*o. Is o a multiple of 3?
True
Let i(c) be the second derivative of c**3/3 - c**2/2 - 2*c. Let h be i(6). Let z = 22 - h. Is 11 a factor of z?
True
Suppose -103 = -2*d - 4*o + o, -3*d + 3*o + 192 = 0. Does 21 divide d?
False
Let d(s) = 5*s**2 - s. Let b be d(1). Suppose 5*j + 7 = -4*k + 95, -3*j + b*k = -40. Is j a multiple of 15?
False
Let v(o) = -8*o + 4 + 3*o - 2*o + 3*o**2. Let l = -13 - -17. Is v(l) a multiple of 12?
True
Let x(i) be the second derivative of -i**5/20 + 5*i**4/12 + 4*i**3/3 - 2*i**2 + 3*i. Suppose 24 = 8*r - 4*r. Is x(r) a multiple of 8?
True
Suppose 0 = 4*u - 115 - 25. Is 7 a factor of u?
True
Suppose -1805 = -8*o + 155. Is o a multiple of 49?
True
Is (33/(-4))/(33/(-220)) a multiple of 21?
False
Let n = -31 + 49. Let w = n - 12. Does 6 divide w?
True
Let h be (2/(-3))/((-2)/(-3)). Let c be ((-92)/(-12))/(h/3). Let g = 40 + c. Is g a multiple of 17?
True
Suppose 4*j = -30 - 58. Let w = j + 38. Is w a multiple of 16?
True
Suppose 0 = 3*b - 296 + 17. Suppose -60 = -2*q - 6*i + 2*i, 3*q = -5*i + b. Is q a multiple of 12?
True
Suppose 3*s - 12 = 0, -3 = -3*z - 4*s + 43. Suppose -3*b + z = -11. Let a = 14 - b. Is 3 a factor of a?
False
Let t = -363 - -524. Is t a multiple of 23?
True
Suppose 0*k + 10 = k. Let x(z) = 8*z - 10. Is x(k) a multiple of 17?
False
Let k(r) = 3*r + 2. Does 14 divide k(6)?
False
Let q be 0 - ((-4)/(-2) + -4). Suppose -4 = c - 31. Suppose c = q*x + 7. Is 10 a factor of x?
True
Suppose 2*c = -a + 5*c - 92, -3*a = 2*c + 243. Let s = -45 - a. Is 11 a factor of s?
False
Let l = 19 + -16. Suppose l*p - 56 - 148 = 0. Does 28 divide p?
False
Suppose -4*b = 2*r + b - 10, -5*r - 5*b - 5 = 0. Let k(f) = f + 5. Let t be k(r). Suppose t*d - 4*d = -8. Is d a multiple of 2?
True
Suppose -4*u = -3*u - 4. Suppose -u = i - 152. Suppose -i - 40 = -4*d. Is 18 a factor of d?
False
Let x be 3 + 5/(5/138). Suppose 5*t + l - x = 0, 5*t + l - 149 = 2*l. Suppose 3*w + t - 83 = 0. Is w a multiple of 18?
True
Let r(l) be the second derivative of l**3/3 + l**2/2 - l. Let i be (7/(-3))/(1/(-3)). Is 15 a factor of r(i)?
True
Let m = -922 + 1300. Does 20 divide m?
False
Let s = -247 - -432. Does 37 divide s?
True
Let v(p) = -44*p - 2. Is v(-1) a multiple of 14?
True
Suppose 2*q - 4*f - 58 = 0, 5*f - 2*f = -3. Suppose -3 = -2*t + q. Is t a multiple of 5?
True
Does 13 divide 13*-1*9/(-9)?
True
Let k(h) = -h**3 - 3*h**2 - 3*h + 1. Let y be k(-3). Suppose 0*b + b = 2. Suppose b*f - 18 = y. Is 9 a factor of f?
False
Let j(i) = -27*i**3 + 3*i. Let z(a) = -a. Let o(f) = j(f) + 2*z(f). Does 21 divide o(-1)?
False
Let h = 27 + -14. Suppose 3*g = -g - 20, -g = -l + h. Is 8 a factor of l?
True
Let l(x) = 5*x**2 - 57. Let r(y) = 14*y**2 - 170. Let o(c) = 17*l(c) - 6*r(c). Does 22 divide o(0)?
False
Let a = 81 - 28. Is 4 a factor of a?
False
Is -3*187*(-2)/6 a multiple of 39?
False
Is (-106)/(-6) + (-10 + 19)/27 a multiple of 18?
True
Suppose -2*t + 270 = t. Suppose 2*q = -q + t. Is q a multiple of 15?
True
Suppose -a + 56 = 4*k + 3*a, -4*k + 5*a = -83. Suppose 0 = -0*h - 4*h + 12. Suppose -d + k = -